4/6 - v**3/2 - v**2/2 - 29*v. Let g be x(2). Let d = g + 104. Calculate the highest common divisor of d and 45.
9
Let l be (2 + -11 + 1121)/(4/8). Calculate the highest common factor of l and 32.
16
Suppose -143*h - 998825 = -586*h + 151646. Calculate the greatest common divisor of h and 1166.
53
Suppose -680 = 2*i - 706. What is the greatest common divisor of 11622 and i?
13
Let z = 127 - 101. Suppose -5*m + 24 + z = -3*g, 4*g + 34 = 2*m. Suppose 0 = 3*s - m*s + 4. What is the highest common factor of s and 1?
1
Let u(j) = 2*j**2 + 23*j - 210. Let a be u(8). Calculate the highest common factor of a and 255.
51
Let w be (-2 - -1)*(1 - (16 - 6)). What is the highest common factor of w and 2079?
9
Let q(g) = 392*g + 2194. Let t be q(-4). Calculate the greatest common divisor of 8 and t.
2
Suppose -30*a + 49 + 43 = -7*a. Let o = -7 - -15. Let y = 12 - o. Calculate the highest common factor of a and y.
4
Suppose -128*w + 10920 = -37*w. What is the greatest common divisor of w and 11640?
120
Suppose -257 = -3*g + l, -3*g - 4*l + l = -273. Suppose 12 + g = -3*o. Let z = 44 + o. What is the highest common divisor of z and 77?
11
Let j = 978 - 777. Suppose 4*m - 6*m + j = -5*c, m = 4*c + 96. What is the highest common divisor of m and 8?
4
Suppose -5*g - 17 = -62. Let t(h) = -h**3 + 3*h**2 + 54*h + 4. Let d be t(g). Calculate the highest common factor of d and 9.
1
Let r = -4637 - -4902. What is the greatest common divisor of r and 20?
5
Let q = -19 - 26. Let v be (q - (-4 - -1))/(-2). Let h be (2/6)/((-13)/(-273))*3. What is the greatest common divisor of h and v?
21
Let v = 1843 + -1260. Let b = -543 + v. Calculate the greatest common factor of 35 and b.
5
Suppose -69*g = -19*g - 100. Let k be g - (3 + 142/(-2)). Let c(t) = 21*t - 1. Let m be c(1). Calculate the highest common divisor of k and m.
10
Let l be (-808 + -2)*(-5 - 1). Calculate the greatest common factor of l and 20.
20
Let k = -7829 + 7985. Calculate the highest common divisor of 48 and k.
12
Let k = 5128 - 3920. Calculate the greatest common divisor of 755 and k.
151
Suppose 5*v - 1296 = d, 13*d - 10*d = -5*v + 1312. What is the highest common divisor of v and 312?
52
Suppose -2*m = 5*c - 340, -c - 336 = -2*m - 4*c. Suppose -12*d + 23 = -1. Suppose -d*f = 3*f - m. Calculate the highest common factor of f and 297.
33
Let x = 82 - 46. Suppose 10*b = 82 + 198. Suppose -a + 2*o = 7*o - 22, -2*a - 2*o = -b. Calculate the greatest common divisor of a and x.
12
Let g be (208 + 4)*(-1)/(-2). Let v = g - 46. Let b be 30191/1995 + 4/(-30). Calculate the highest common factor of v and b.
15
Let a(h) be the first derivative of 4*h**3 + h**2 - 11*h - 32. Let g be a(3). Suppose -g = -6*f + 23. Calculate the highest common factor of f and 49.
7
Let m(b) be the second derivative of 3*b**3/2 + 83*b**2/2 + 3*b + 21. Let q be m(8). Calculate the highest common divisor of 5 and q.
5
Let u(g) = -2. Let b(p) = -7*p + 36. Let l(m) = b(m) - 4*u(m). Let r be l(4). Calculate the highest common divisor of r and 4.
4
Let r be 150 + -25 - (-4 - -3). Calculate the highest common factor of 102 and r.
6
Suppose 0 = 83*f - 18*f - 7888 - 24482. Calculate the greatest common factor of 166 and f.
166
Suppose -29 = 3*m - 4*m + 4*b, 2*b - 35 = -m. What is the greatest common factor of 1782 and m?
33
Let h = 2302 + -1327. What is the greatest common divisor of 117 and h?
39
Let p be 4*((-6474)/12)/13. Let j = 172 + p. What is the highest common factor of 48 and j?
6
Suppose 336 = 5*x + 3*k + 71, 4*x = -5*k + 199. Suppose -5*a + x + 8 = 2*m, -m + 5*a + 32 = 0. What is the highest common factor of 176 and m?
16
Let u(i) = -20*i. Let z be u(-3). Let g be (-14)/(-4) + 3/(-54)*-9. Suppose -g = -4*s - 0, 5*v - 23 = -3*s. What is the greatest common divisor of v and z?
4
Let h(d) = 63*d - 103. Let i be h(2). What is the highest common divisor of i and 8326?
23
Let a(f) = 2*f**2 - 44*f - 262. Let g be a(-11). What is the highest common divisor of 21228 and g?
116
Let t = 3775 - 3710. What is the highest common factor of t and 2327?
13
Let t be 2 - (-1)/(-1)*-16. Let w(z) = 2*z**2 + z - 15. Suppose -16*j + 110 + 2 = 0. Let n be w(j). Calculate the greatest common factor of n and t.
18
Let t be 3062/6 - 4/(-6). Let j = 112596 - 112450. What is the greatest common factor of j and t?
73
Let l be (0 - 78 - (-24)/(-40))*5. Let k = 439 + l. What is the highest common divisor of 184 and k?
46
Suppose 56 = 5*q + 6. Suppose 0 = -33*k + 51*k - 1170. Calculate the greatest common factor of q and k.
5
Let q be 462/(-847) + 26890/11. Calculate the highest common divisor of q and 39.
13
Let s = 1868 + -1504. Calculate the greatest common divisor of 1183 and s.
91
Let q be 7 + 3/((-1)/1). Suppose 11*n - 4 - 7 = 0. Suppose -p - 104 = -5*b, -b - 4*p + 3 = -n. Calculate the greatest common divisor of b and q.
4
Let a(v) = -v**3 + 14*v**2 + 4*v - 22. Suppose 0 = -n - 4*q - 2, 0 = 4*n - 5*n + 5*q + 25. Let k be a(n). Calculate the greatest common divisor of k and 38.
38
Let a(w) = -w**3 + 17*w**2 + 42*w + 2. Let m be a(19). Suppose -79*x + m*x = -82. Calculate the highest common factor of 1312 and x.
82
Let j = -187 + 368. Suppose -2*d = g + 3*d - 73, 3*g - 4*d = j. Calculate the greatest common divisor of g and 7.
7
Let t be (446 - 352)/((-1)/(-1)). Calculate the greatest common factor of 34 and t.
2
Suppose -6*n = 12 - 12. Suppose -4*u + 36 = -n*u - 4*k, -32 = -4*u + 5*k. Calculate the highest common divisor of u and 65.
13
Suppose -5*z + 5*y + 24 = 6*y, z = y. Suppose -3*m - 130 = -z*r, -23 = m + 3*r + 3. Let i = m + 52. Calculate the highest common factor of i and 56.
14
Suppose -3*r + 4 = j - 13, 4*r + 3*j = 26. Suppose r*v + 0*v = 1720. Let h be 57 - 16 - (0 + -1 - 1). What is the highest common divisor of h and v?
43
Suppose 2*l - 3*b - 144 = b, b = 5*l - 396. Calculate the highest common factor of l and 6320.
80
Let t = -3048 + 3066. What is the greatest common divisor of 66 and t?
6
Let b = 731 - 407. Suppose b = 18*n - 8388. What is the greatest common factor of n and 44?
44
Suppose 12*a = 42 + 42. Suppose -10 = 5*k - 45. What is the greatest common divisor of k and a?
7
Let n be (-2)/((-8)/4 + (-78)/(-42)). Suppose 0 = -n*s + 28*s - 6300. Calculate the greatest common factor of s and 180.
90
Suppose 5*h + 7*h = -12. Let i be h/2*(12 - -14). Let z = i - -25. What is the greatest common factor of z and 6?
6
Let l(s) = -2*s**2 + 288*s + 1257. Let p be l(104). Calculate the highest common divisor of 157 and p.
157
Suppose 70*i - 13950 = 55*i. Calculate the greatest common factor of 60 and i.
30
Let w = -13 + 13. Let t be -1 - (w - 4) - -727. What is the highest common factor of 73 and t?
73
Let m be (135 - 1)/(4/(-24)*4). Let a = -96 - m. Calculate the greatest common divisor of a and 60.
15
Let r(c) = 31*c + 40. Let o be r(0). Calculate the greatest common factor of 19160 and o.
40
Suppose 36*p - 335 = 529. Let q be (-5)/((-40)/28)*-2. Let k = q - -31. Calculate the greatest common divisor of k and p.
24
Let c be (16 - 2)*(-7 - -8). Suppose -5*d = -4*d - c. Calculate the greatest common factor of 896 and d.
14
Suppose -5*k = 11 - 271. Let o be (-2 - -1)*(-21)/(-3). Let i be ((-34)/(-6) - -3)/(o/(-105)). What is the greatest common factor of k and i?
26
Suppose 14*k - 28*k - 420 = 0. Let l be 4/14 - k*39/21. What is the highest common factor of l and 35?
7
Suppose 0 = 5*l + 2*y - 370, 2*l = -13*y + 15*y + 134. Let b(x) = -4*x. Suppose -2 = -0*z + z. Let c be b(z). Calculate the highest common divisor of l and c.
8
Let a = 1 - -21. Suppose 5*v = -10, w - 18 = 4*v - 0*v. Suppose 0 = c - i - w - 15, -5*c + 98 = 4*i. What is the highest common factor of c and a?
22
Let a be (1914/(-290) + (8 - 1))*120. Calculate the highest common factor of a and 1296.
48
Let t(u) = u**2 - 23*u + 128. Let l be t(15). Let p be 4 - (-51)/(-12) - (-706)/l. Let r = 12 + -1. Calculate the highest common divisor of p and r.
11
Let d = 24389 - 18569. What is the highest common factor of d and 1358?
194
Suppose -43*f = 3*f - 6801 - 4791. Calculate the highest common divisor of 420 and f.
84
Let w be (-709136)/(-533) - (-6)/(-13). What is the greatest common divisor of w and 210?
70
Suppose 27520 = 6*j + 17*j - 33752. What is the highest common divisor of j and 16?
8
Le